List the prime factors of n(11).
2, 3, 1373
Suppose 4*h + 2*u - 223210 = 0, -h = -3*u - 64468 + 8683. What are the prime factors of h?
2, 3, 5, 31
Let a(v) = -7*v - 3*v**2 + 6*v + 2 + 10*v - v**3. Suppose 36*r - 41*r - 30 = 0. What are the prime factors of a(r)?
2, 7
Suppose 4*g = 2 - 26, -3*m - 5*g + 27330 = 0. What are the prime factors of m?
2, 3, 5, 19
Let y = -88 - -99. Suppose -14*t + y*t = 0. Suppose -5*a + 56 + 84 = 4*x, t = 2*x + 5*a - 80. List the prime factors of x.
2, 3, 5
Suppose 455*u = 416*u + 742911. What are the prime factors of u?
43, 443
Let p be (2 - (15 - 7)) + 1055. Let b = 1861 - p. List the prime factors of b.
2, 7, 29
Let s be (-93)/(-15) - (-4)/5. Suppose -w + 72 = s*w. Suppose 35 = n - w. List the prime factors of n.
2, 11
Suppose -24*z + 919 = -1961. Suppose 129*c = z*c + 2115. List the prime factors of c.
5, 47
List the prime factors of (-295420)/(-36) + (-10)/90.
2, 11, 373
Suppose -8*i = 3*s - 205501, i + 3*s + 13852 = 39537. What are the prime factors of i?
2, 13, 19
Let j = 83975 - 47424. List the prime factors of j.
36551
Suppose -5*t = -22 - 598. List the prime factors of (8463/t)/((-3)/(-16)).
2, 7, 13
Let z = 591 + 2365. List the prime factors of z.
2, 739
Let c = 44 - 23. Suppose -v = -14 - c. Suppose -40*q + 360 = -v*q. List the prime factors of q.
2, 3
Let z = -632 - -634. Suppose 4*v - 2*f = 8*v - 540, -z*f - 270 = -2*v. What are the prime factors of v?
3, 5
Let t(v) = -70*v**3 - 4*v**2 + 15*v - 6. Let n(c) = -3*c**3 - c - 1. Let r(z) = n(z) - t(z). List the prime factors of r(2).
3, 5, 7
Let p(r) = 46*r**2 + 64*r - 518. List the prime factors of p(10).
2, 3, 787
Let c(p) = 7*p + 21. Let w be c(5). Suppose -3*d + d + w = 0. What are the prime factors of (-1 - 1/2)*d/(-6)?
7
Suppose 2*n - 3*g - 16 = -5*g, -g - 16 = -5*n. Suppose 1534 = 4*t + 2*p - 7*p, -t + n*p + 378 = 0. List the prime factors of t.
2, 193
Suppose -2*m + 52 - 44 = 0. Suppose 3*a - t - 23 = 10, -m*t = 5*a - 72. What are the prime factors of a?
2, 3
Let n(q) be the third derivative of -7*q**4/12 - 20*q**3/3 - 3*q**2 - 6*q. Suppose 42 = -3*d - 2*a, 2*d - 5*a = -2*d - 33. List the prime factors of n(d).
2
Let d(k) = 16*k**2 + 7*k - 5. Let l be d(5). Suppose -2*i + l + 176 = 0. Suppose 5*g - i = 4*a + 39, 2*g + 2*a = 144. What are the prime factors of g?
2, 5, 7
Let j(s) = 14*s**2 - 163*s + 99. What are the prime factors of j(33)?
2, 3, 11, 151
Let u(f) = -f**2 - 11*f - 1. Suppose -10*a - 63 = -33. What are the prime factors of u(a)?
23
Let w(x) = 2*x**2 - 41*x + 61. Let l be (-1)/(4/(-432)*4). List the prime factors of w(l).
2, 103
Suppose 0 = 4*h + 4*p - 31436, 39*h + 15722 = 41*h - 2*p. What are the prime factors of h?
2, 3, 5, 131
Let z(a) = 2636*a - 375. What are the prime factors of z(5)?
5, 13, 197
Let k = 258 + -256. List the prime factors of (-17 - (-4 - 10)) + 826/k.
2, 5, 41
Suppose -6*a + 4*f + 8 = -4*a, 3*a = -2*f + 12. Suppose -20*g - a*g + 45600 = 0. What are the prime factors of g?
2, 5, 19
Let g = -12130 + 20310. List the prime factors of g.
2, 5, 409
Suppose 3408 = -4*m - 3*n, -n + 1 + 3 = 0. Let q be ((-2)/3)/((-6)/m). Let l = 355 + q. List the prime factors of l.
2, 5, 13
Suppose 3*y = 233*c - 228*c + 117482, 0 = -5*y - 4*c + 195828. List the prime factors of y.
2, 9791
Let q be (1 + -12)/(((-28)/160)/7). Let r = q + 99. List the prime factors of r.
7, 11
Let b(u) = 54*u + 4675. List the prime factors of b(0).
5, 11, 17
Let q be (-19 - 1)/5*(-1)/(-2). List the prime factors of -8*q/(56/483).
2, 3, 23
Suppose 0 = -3*k + 4*p + 42, -33 - 5 = -5*k - 4*p. Suppose k*v = 12*v - 4. Suppose v*o = u + 4*u + 28, 4*o + 2*u = 8. What are the prime factors of o?
2
Suppose 0*k - 5*k + 12954 = -j, 0 = -4*k - 5*j + 10398. What are the prime factors of k?
2, 3
Suppose -3*y = 15, 5196 = 3*n + 4*y - 5101. What are the prime factors of n?
19, 181
Suppose -11*c - 3 = -47. Let j = 252 - 166. Let u = j - c. What are the prime factors of u?
2, 41
Let z(p) = -p**2 + 21*p - 68. Let h be z(17). Suppose -6*u - u + 8078 = h. List the prime factors of u.
2, 577
Let b = 3807 + 132. Suppose -3357 = -32*q + b. What are the prime factors of q?
2, 3, 19
Let m(t) = 10865*t**2 + 22*t + 2. What are the prime factors of m(-1)?
3, 5, 241
Suppose -p - 58*d + 62*d + 4485 = 0, -p - 2*d = -4497. What are the prime factors of p?
4493
Suppose 2*k - 514 = -2*x, 0*k = 5*x - 4*k - 1276. Let a = 634 - x. What are the prime factors of a?
2, 3, 7
Suppose 4 = -y + 2. Let l(m) = -8*m**3 + 3*m**2 - 2*m - 3. Let z be l(y). Let x = z + -64. What are the prime factors of x?
13
Let j be 5 + (14 - 9) + -8. Let g(f) = -2*f**3 - 9*f**2 - 5*f + 8. Let a be g(-6). Suppose j*q - a = -0*q. List the prime factors of q.
73
Let b(g) = -4*g - 3. Let c be b(0). Let k(i) = -44*i**3 - 7*i - 21. List the prime factors of k(c).
2, 3, 11
Suppose -5*j + 704 = -o - 510, 1226 = 5*j - 4*o. Suppose j - 306 = -k. What are the prime factors of k?
2
Suppose -7*i - 1565 = -8*i. What are the prime factors of i?
5, 313
Suppose 2372*s - 2334*s - 1231770 = 0. What are the prime factors of s?
3, 5, 2161
Let p(x) = x**2 - 27*x + 14. Let a be p(27). Suppose -a + 6111 = 7*n. List the prime factors of n.
13, 67
Suppose 32*u - 108 = 68*u. What are the prime factors of (-1)/u*(-5 - (-44180)/10)?
1471
Let k(c) = -10*c - 2*c**3 - 8 - c**3 + 0*c + 4*c**3 + 8*c**2. Let i = 230 - 237. List the prime factors of k(i).
3, 37
Let y = -29133 - -43070. List the prime factors of y.
7, 11, 181
Suppose 97 = 5*i - 128. Suppose 2*o = -i - 61. Let f = o - -150. List the prime factors of f.
97
Let m = -284 + 265. Let p(w) = -5*w + 143. List the prime factors of p(m).
2, 7, 17
Suppose 5*q - 1639 = 4*u, 6*q - 1635 = q + 5*u. List the prime factors of q/3*2 - (-6)/(-9).
2, 5, 11
Let s be 6/(-21) - 2/(-7). Suppose s = -2*m - 3 + 9. Suppose 5*i - m*z - 2*z - 735 = 0, 3*i = 5*z + 431. What are the prime factors of i?
2, 19
Suppose -b + 15835 = -12*o + 15*o, 5*b = o + 79223. What are the prime factors of b?
2, 17, 233
Let h = 5 + -8. Let u(w) = -5*w**2 + 9*w - 14. Let j be u(5). List the prime factors of 2/h + j/(-6).
3, 5
Let g = 61 + -59. Suppose u - 3 = -5, 0 = -g*p + u + 4944. Suppose -9*x - 923 = -p. What are the prime factors of x?
2, 43
Suppose 39*c - 36*c - 18 = 0. Suppose -10*t + c*t + 16 = 0. List the prime factors of 3 - 24*-2 - (t - 1).
2, 3
Let k(u) be the first derivative of u**3/3 - u**2/2 - 3*u - 12. Let z be k(3). Suppose -3*v - z*o = -27, -v + 1 = 3*o + 2*o. List the prime factors of v.
11
Suppose 0*c + c + g = -2, -8 = 4*c - g. Let j(r) = -32*r**2 - 7*r - 6. Let v be j(c). Let l = v - -185. What are the prime factors of l?
5, 13
List the prime factors of 4*(-70388)/(-40) + (-5)/(-25).
7039
Suppose 174*h - 144*h - 837990 = 0. What are the prime factors of h?
3, 9311
Suppose 46*j = -167*j + 66*j + 1674036. List the prime factors of j.
2, 3, 13, 73
Let m(j) = 1131*j**2 - 47*j + 21. What are the prime factors of m(-4)?
5, 7, 523
Let l = -831 + 833. Suppose 5*m - 2233 = -2*r + 197, -2*r = l*m - 2442. What are the prime factors of r?
5, 7
Suppose -5*t - 4*c + c = 15, -3 = t - 5*c. What are the prime factors of 5 + t - 366/(-6)?
3, 7
Let w = -53 - -76. Let f be (4 - (-99)/(-22))/(3*5/(-1500)). Suppose f = 5*j - 3*z - z, -3*j + z = -w. What are the prime factors of j?
2, 3
Let q(n) = -n**3 + 8*n**2 + 9*n - 1. Let r be q(9). Let u be (-3 + 4 - 0)*r. What are the prime factors of (133 - u) + (1 - 4)?
131
Suppose 1359 = -20*b + 23*b. Suppose 9*w + b - 3765 = 0. What are the prime factors of w?
2, 23
Suppose 2*y + 5*i = 110287, -16372 + 71428 = y + 15*i. List the prime factors of y.
3, 227
Let q(a) = -3*a + 15. Let h be q(4). Let k = h + 0. Suppose 5*w = k*o - 51, 2*w + 2*w + 36 = 2*o. List the prime factors of o.
2, 3
Let l(y) = y**3 - 10*y**2 - 14*y + 17. Let c be l(12). Let j = 104 + c. Let a = j - 95. List the prime factors of a.
2, 73
Suppose -5*l + 766 = 4*j, -3*j = l - 5*j - 142. List the prime factors of l.
2, 3, 5
Suppose -60 = -q - 55. Let f(c) = 3*c**2 - 3*c + 23*c + 8 - c**2 + q*c. What are the prime factors of f(-16)?
2, 3, 5
Let f be 254/14 + (-2 - 39/(-21)). List the prime factors of (-24828)/(-30) - (f/5 + -4).
2, 3, 23
Suppose -62*c - 59*c + 107*c + 427742 = 0. What are the prime factors of c?
30553
Suppose o = 2